{"id":2394,"date":"2020-05-17T22:17:23","date_gmt":"2020-05-18T03:17:23","guid":{"rendered":"http:\/\/reotahitimexico.com\/haapiiraa\/?page_id=2394"},"modified":"2023-12-28T21:46:25","modified_gmt":"2023-12-29T02:46:25","slug":"productos-y-servicios","status":"publish","type":"page","link":"https:\/\/poemanareotahiti.com\/haapiiraa\/","title":{"rendered":"Productos y servicios"},"content":{"rendered":"\t\t<div data-elementor-type=\"wp-page\" data-elementor-id=\"2394\" class=\"elementor elementor-2394\">\n\t\t\t\t\t\t\t\t\t<section class=\"elementor-section elementor-top-section elementor-element elementor-element-9e042cd elementor-section-boxed elementor-section-height-default elementor-section-height-default\" data-id=\"9e042cd\" data-element_type=\"section\">\n\t\t\t\t\t\t<div class=\"elementor-container elementor-column-gap-default\">\n\t\t\t\t\t<div class=\"elementor-column elementor-col-100 elementor-top-column elementor-element elementor-element-bbd0058\" data-id=\"bbd0058\" data-element_type=\"column\">\n\t\t\t<div class=\"elementor-widget-wrap elementor-element-populated\">\n\t\t\t\t\t\t\t\t<div class=\"elementor-element elementor-element-b592456 elementor-widget elementor-widget-heading\" data-id=\"b592456\" data-element_type=\"widget\" data-widget_type=\"heading.default\">\n\t\t\t\t<div class=\"elementor-widget-container\">\n\t\t\t<h2 class=\"elementor-heading-title elementor-size-default\">\u00a1Conoce nuestros servicios!<\/h2>\t\t<\/div>\n\t\t\t\t<\/div>\n\t\t\t\t\t<\/div>\n\t\t<\/div>\n\t\t\t\t\t\t\t<\/div>\n\t\t<\/section>\n\t\t\t\t<section class=\"elementor-section elementor-top-section elementor-element elementor-element-72695faa elementor-section-boxed elementor-section-height-default elementor-section-height-default\" data-id=\"72695faa\" data-element_type=\"section\">\n\t\t\t\t\t\t<div class=\"elementor-container elementor-column-gap-default\">\n\t\t\t\t\t<div class=\"elementor-column elementor-col-100 elementor-top-column elementor-element elementor-element-2135c02\" data-id=\"2135c02\" data-element_type=\"column\">\n\t\t\t<div class=\"elementor-widget-wrap elementor-element-populated\">\n\t\t\t\t\t\t\t\t<div class=\"elementor-element elementor-element-2509e301 elementor-widget elementor-widget-text-editor\" data-id=\"2509e301\" data-element_type=\"widget\" data-widget_type=\"text-editor.default\">\n\t\t\t\t<div class=\"elementor-widget-container\">\n\t\t\t\t\t\t\t<p><!-- wp:paragraph {\"style\":{\"typography\":{\"fontSize\":\"30px\"},\"elements\":{\"link\":{\"color\":{\"text\":\"var:preset|color|vivid-red\"}}}},\"textColor\":\"vivid-red\"} --><\/p>\n<p class=\"has-vivid-red-color has-text-color has-link-color\" style=\"font-size: 30px;\"><strong>Traducci\u00f3n<\/strong><\/p>\n<p><!-- \/wp:paragraph --><!-- wp:paragraph {\"fontSize\":\"medium\"} --><\/p>\n<p class=\"has-medium-font-size\">\u00bfNecesitas un <strong>&#8216;\u014drero<\/strong>, <strong>p\u0101&#8217;\u014d&#8217;\u0101<\/strong> o <strong>hiv\u012bnau<\/strong>? \u00a1En Poemana Reo Tahiti te podemos ayudar!<\/p>\n<p><!-- \/wp:paragraph --><!-- wp:paragraph --><\/p>\n<p>Ya sea que tengas el texto en espa\u00f1ol y solo quieras traducirlo o requieras ayuda para escribirlo.<\/p>\n<p><!-- \/wp:paragraph --><!-- wp:paragraph {\"style\":{\"typography\":{\"fontSize\":\"26px\"},\"elements\":{\"link\":{\"color\":{\"text\":\"var:preset|color|vivid-red\"}}}},\"textColor\":\"vivid-red\"} --><\/p>\n<p class=\"has-vivid-red-color has-text-color has-link-color\" style=\"font-size: 26px;\"><strong>Traducciones de canciones<\/strong><\/p>\n<p><!-- \/wp:paragraph --><!-- wp:paragraph {\"style\":{\"elements\":{\"link\":{\"color\":{\"text\":\"var:preset|color|black\"}}}},\"textColor\":\"black\",\"fontSize\":\"medium\"} --><\/p>\n<p class=\"has-black-color has-text-color has-link-color has-medium-font-size\">Nuestra traducci\u00f3n de canciones incluye glosario y contexto para que puedas realizar un gran trabajo coreogr\u00e1fico! <br>info@reotahitimexico.com <\/p>\n<p><!-- \/wp:paragraph --><!-- wp:paragraph {\"style\":{\"elements\":{\"link\":{\"color\":{\"text\":\"var:preset|color|vivid-red\"}}},\"typography\":{\"fontSize\":\"26px\"}},\"textColor\":\"vivid-red\"} --><\/p>\n<p class=\"has-vivid-red-color has-text-color has-link-color\" style=\"font-size: 26px;\"><strong>Cuadernillos de trabajo DIGITALES&nbsp;<br><\/strong><strong style=\"color: var(--wp--preset--color--vivid-red); font-family: var( --e-global-typography-text-font-family ), Sans-serif;\">(imprime los que necesites)<\/strong><\/p>\n<p><!-- \/wp:paragraph --><!-- wp:paragraph {\"fontSize\":\"medium\"} --><\/p>\n<p class=\"has-medium-font-size\">Cuadernillos para iluminar con vocabulario, gram\u00e1tica b\u00e1sica y actividades.<br>Contiene 16 p\u00e1ginas de contenido. Listos para imprimir en casa (requieres 4 hojas tama\u00f1o carta, posibilidad de imprimir doble cara y grapas)<\/p>\n<p><!-- \/wp:paragraph --><!-- wp:paragraph {\"align\":\"left\",\"style\":{\"typography\":{\"fontSize\":18}},\"textColor\":\"very-dark-gray\"} --><\/p>\n<p class=\"has-text-align-left has-very-dark-gray-color has-text-color\" style=\"font-size: 18px;\"><strong>\u00a1\u00a1Se coloca el nombre y logo de tu escuela en la portada!!<\/strong><br>Tem\u00e1ticas de los cuadernillos:<\/p>\n<p><!-- \/wp:paragraph --><!-- wp:list --><\/p>\n<ul><!-- wp:list-item --><p><\/p>\n<li>Vocabulario de la tierra &#8211; Fenua (V01)<\/li>\n<p><!-- \/wp:list-item --><!-- wp:list-item --><\/p>\n<li>Vocabulario del cielo &#8211; Ra&#8217;i (V02)<\/li>\n<p><!-- \/wp:list-item --><!-- wp:list-item --><\/p>\n<li>N\u00fameros y animales marinos (V03)<\/li>\n<p><!-- \/wp:list-item --><!-- wp:list-item --><\/p>\n<li>La familia (V04)<\/li>\n<p><!-- \/wp:list-item --><!-- wp:list-item --><\/p>\n<li>Las partes del cuerpo (V05)<\/li>\n<p><!-- \/wp:list-item --><!-- wp:list-item --><\/p>\n<li>Los colores (V06)<\/li>\n<p><!-- \/wp:list-item --><!-- wp:list-item --><\/p>\n<li>Animales de la tierra (V07)<\/li>\n<p><!-- \/wp:list-item --><!-- wp:list-item --><\/p>\n<li>Frases comunes (V08)<\/li>\n<p><!-- \/wp:list-item --><!-- wp:list-item --><\/p>\n<li>Navidad (V09)<\/li>\n<p><!-- \/wp:list-item --><\/p><\/ul>\n<p><!-- \/wp:list --><!-- wp:gallery {\"linkTo\":\"none\"} --><\/p>\n<figure class=\"wp-block-gallery has-nested-images columns-default is-cropped\"><!-- wp:image {\"id\":2395,\"sizeSlug\":\"large\",\"linkDestination\":\"none\"} --><!-- \/wp:image --><!-- wp:image {\"id\":2396,\"sizeSlug\":\"large\",\"linkDestination\":\"none\"} --><p><\/p>\n<figure class=\"wp-block-image size-large\"><img fetchpriority=\"high\" decoding=\"async\" class=\"alignleft wp-image-2396 size-medium\" src=\"http:\/\/reotahitimexico.com\/haapiiraa\/wp-content\/uploads\/2020\/05\/ACT-02-197x300.png\" alt=\"\" width=\"197\" height=\"300\" srcset=\"https:\/\/poemanareotahiti.com\/haapiiraa\/wp-content\/uploads\/2020\/05\/ACT-02-197x300.png 197w, https:\/\/poemanareotahiti.com\/haapiiraa\/wp-content\/uploads\/2020\/05\/ACT-02.png 447w\" sizes=\"(max-width: 197px) 100vw, 197px\" \/><\/figure>\n<p><!-- \/wp:image --><!-- wp:image {\"id\":2399,\"sizeSlug\":\"large\",\"linkDestination\":\"none\"} --><!-- \/wp:image --><!-- wp:image {\"id\":2398,\"sizeSlug\":\"large\",\"linkDestination\":\"none\"} --><\/p>\n<figure class=\"wp-block-image size-large\"><img decoding=\"async\" class=\"alignleft wp-image-2397 size-medium\" src=\"http:\/\/reotahitimexico.com\/haapiiraa\/wp-content\/uploads\/2020\/05\/ACT-03-197x300.png\" alt=\"\" width=\"197\" height=\"300\" srcset=\"https:\/\/poemanareotahiti.com\/haapiiraa\/wp-content\/uploads\/2020\/05\/ACT-03-197x300.png 197w, https:\/\/poemanareotahiti.com\/haapiiraa\/wp-content\/uploads\/2020\/05\/ACT-03.png 447w\" sizes=\"(max-width: 197px) 100vw, 197px\" \/>Ejemplos de cuadernillos<\/figure>\n<p><!-- \/wp:image --><!-- wp:image {\"id\":2397,\"sizeSlug\":\"large\",\"linkDestination\":\"none\"} --><!-- \/wp:image --><!-- wp:image {\"id\":2401,\"sizeSlug\":\"large\",\"linkDestination\":\"none\"} --><\/p><\/figure>\n<p><!-- \/wp:gallery --><!-- wp:paragraph --><\/p>\n<p><!-- \/wp:paragraph --><!-- wp:paragraph --><\/p>\n<p><!-- \/wp:paragraph --><!-- wp:paragraph --><\/p>\n<p><!-- \/wp:paragraph --><\/p>\t\t\t\t\t\t<\/div>\n\t\t\t\t<\/div>\n\t\t\t\t\t<\/div>\n\t\t<\/div>\n\t\t\t\t\t\t\t<\/div>\n\t\t<\/section>\n\t\t\t\t\t\t\t<\/div>\n\t\t","protected":false},"excerpt":{"rendered":"<p>\u00a1Conoce nuestros servicios! Traducci\u00f3n \u00bfNecesitas un &#8216;\u014drero, p\u0101&#8217;\u014d&#8217;\u0101 o hiv\u012bnau? \u00a1En Poemana Reo Tahiti te podemos ayudar! Ya sea que tengas el texto en espa\u00f1ol y solo quieras traducirlo o requieras ayuda para escribirlo. Traducciones de canciones Nuestra traducci\u00f3n de &hellip; <\/p>\n","protected":false},"author":1,"featured_media":0,"parent":0,"menu_order":0,"comment_status":"closed","ping_status":"closed","template":"","meta":{"_monsterinsights_skip_tracking":false,"_monsterinsights_sitenote_active":false,"_monsterinsights_sitenote_note":"","_monsterinsights_sitenote_category":0,"footnotes":""},"class_list":["post-2394","page","type-page","status-publish","hentry","latest_post"],"_links":{"self":[{"href":"https:\/\/poemanareotahiti.com\/haapiiraa\/wp-json\/wp\/v2\/pages\/2394","targetHints":{"allow":["GET"]}}],"collection":[{"href":"https:\/\/poemanareotahiti.com\/haapiiraa\/wp-json\/wp\/v2\/pages"}],"about":[{"href":"https:\/\/poemanareotahiti.com\/haapiiraa\/wp-json\/wp\/v2\/types\/page"}],"author":[{"embeddable":true,"href":"https:\/\/poemanareotahiti.com\/haapiiraa\/wp-json\/wp\/v2\/users\/1"}],"replies":[{"embeddable":true,"href":"https:\/\/poemanareotahiti.com\/haapiiraa\/wp-json\/wp\/v2\/comments?post=2394"}],"version-history":[{"count":31,"href":"https:\/\/poemanareotahiti.com\/haapiiraa\/wp-json\/wp\/v2\/pages\/2394\/revisions"}],"predecessor-version":[{"id":2728,"href":"https:\/\/poemanareotahiti.com\/haapiiraa\/wp-json\/wp\/v2\/pages\/2394\/revisions\/2728"}],"wp:attachment":[{"href":"https:\/\/poemanareotahiti.com\/haapiiraa\/wp-json\/wp\/v2\/media?parent=2394"}],"curies":[{"name":"wp","href":"https:\/\/api.w.org\/{rel}","templated":true}]}}